of p and n?
7
Let p be (-1095)/(-146)*(-2)/5*(-194)/6. Calculate the greatest common factor of p and 8924.
97
Let f = -3 + 34. Suppose 105*r = -292*r + 110763. What is the highest common factor of r and f?
31
Let o be 9 + 72 + -2 + 18 + -17. Let g = -18 - -34. What is the highest common factor of g and o?
16
Let p(u) = 17*u**3 + u. Let a be p(-2). Let n be (1564/a)/((-2)/9). Calculate the greatest common divisor of n and 272.
17
Suppose 0 = 18*d + 96 + 84. Let h be (-6 + 0)/(15/d). Let l be 1/(-1 + 1 - -1). What is the highest common factor of l and h?
1
Let z = 1147 - 1110. Let x(t) = 47*t**2 - 5*t + 3. Let d be x(6). Suppose d = -i + 6*i. Calculate the greatest common factor of i and z.
37
Suppose -21*v = -19*v - 1124. Let i = 578 - v. Let b(p) = p**3 - 2*p**2 - p - 6. Let d be b(5). What is the greatest common divisor of i and d?
16
Let v(b) be the second derivative of 2*b**3 - 92*b**2 + 76*b - 1. Let h be v(22). Calculate the highest common divisor of h and 64.
16
Let d = 10547 - 10122. Calculate the greatest common factor of 153 and d.
17
Suppose 0 = -3*i + 26 + 154. Suppose b + 2*y = 6*b + 72, 3*b = -3*y - i. Let v = 23 - b. Calculate the greatest common factor of 39 and v.
39
Let g(x) = x**2 - 44*x - 32. Let m be g(48). Calculate the highest common factor of m and 860.
20
Let b(p) = -p**3 + 23*p**2 + 35*p - 315. Let m be b(23). What is the highest common divisor of 1400 and m?
70
Let r = 33 + -41. Let z be 134/(0 + r/4). Let v = 69 + z. Calculate the highest common factor of 1 and v.
1
Let q be 0*(10/(-4) - -2) + (239 - -1630). What is the greatest common divisor of 6141 and q?
267
Suppose 0 = v + 2*v + 4*d - 7, 5*v + 2*d = 21. Suppose 2*u - 94 = -v*g, -9*u + 96 = 5*g - 6*u. What is the greatest common divisor of g and 144?
18
Let y = -239 - -242. Suppose 3*l - 203 = o, -y*l + 4*o = -122 - 78. What is the highest common divisor of l and 4?
4
Let j(o) = 731*o**2 - 100*o + 542. Let k be j(6). What is the greatest common factor of 38 and k?
38
Let p(u) be the second derivative of u**4/12 + 36*u**2 + 15*u. Let g be p(0). Suppose 5*o = 7*o - g. Calculate the greatest common factor of 9 and o.
9
Let h be (-3 + 4)*-150*10374/(-195). Calculate the greatest common factor of h and 126.
42
Let q be 372/27 - (-4)/18. Let f(x) = -26*x - 183. Let i be f(-9). Suppose 0 = -2*z + 93 - i. What is the highest common divisor of q and z?
7
Suppose -52*t + 55*t = 1212. Let i = 579 - t. Calculate the highest common divisor of i and 25.
25
Let s be 1 - (-23 + -3 - -1). Suppose 18 = 28*j - s*j. Calculate the greatest common factor of 39 and j.
3
Let f = -4449 + 7271. What is the greatest common factor of 170 and f?
34
Let z be 1*-2*(-189)/6. Let m = -122 - -126. Suppose -2*y + 14 = 3*l - 11, -2*l + m = -5*y. What is the highest common factor of l and z?
7
Suppose 2*z + 1440 = 10*z. Suppose -28*u + 40*u - z = 0. Calculate the highest common divisor of u and 465.
15
Suppose -4*v + a + 142 = -0*v, 170 = 5*v - 5*a. Suppose 41*p - 43*p = -4*u - 788, -3*p + 12 = 0. Let s = -183 - u. What is the highest common factor of v and s?
12
Let k be 7/(49/1019) - (-12)/(-21). Let w = k - 25. What is the greatest common divisor of w and 300?
60
Suppose 0 = 5*b - 4*c - 9, -c - 17 = -5*b + 4. Suppose 16*l = 22*l - 2694. Suppose 5*y - l = -349. Calculate the highest common divisor of y and b.
5
Let n be (-2 + -1 + 3)/(-2). Let h be n - (-5)/((-5)/37). Let p = 58 + h. Calculate the highest common factor of 3 and p.
3
Let h = -365 + 161. Let o be (0 + (-155)/(-15))/((-4)/h). Calculate the greatest common factor of 31 and o.
31
Let y(f) = 2*f + 26. Let a be y(-8). Let b = -10 + 11. Suppose b - 61 = -3*n. Calculate the greatest common factor of n and a.
10
Suppose -23222 = -138*m + 6034. Calculate the greatest common factor of 4823 and m.
53
Suppose 18*u + 6*d = 8*u + 5*u + 1100, 0 = -4*d. Suppose 5*a = -4*p + 809, a - 3*p - 161 = -4*p. What is the greatest common divisor of u and a?
55
Let h = -14 + 25. Suppose 176*g = 2*r + 174*g - 16, 0 = 4*r + 17*g - 95. Calculate the greatest common divisor of h and r.
11
Let h = 7883 + -7781. Calculate the greatest common divisor of h and 3111.
51
Suppose -d + 1343 = f, -4*d - 2686 = -118*f + 116*f. What is the highest common divisor of f and 553?
79
Suppose -11*a - 7 - 15 = 0. Let y be ((-1652)/(-70))/(a/(-10)). What is the highest common divisor of y and 177?
59
Let c be ((-16)/(-4))/4*(0 + -84). Let q = -50 - c. Let y = q + -10. What is the greatest common divisor of 3 and y?
3
Let t = 0 - -40. Let g be 3 + (58/(-16))/((-156)/16224). Calculate the greatest common divisor of t and g.
20
Suppose 3*q + 369 = 75. Let i = q - -178. What is the greatest common factor of i and 48?
16
Let i = 7117 - 6379. What is the greatest common factor of 2542 and i?
82
Suppose 0 = -2*u + 59 + 73. Suppose -6*o + 48 = -u. Let p(n) = n**3 - 19*n**2 - 2*n + 44. Let g be p(o). Calculate the greatest common divisor of 6 and g.
6
Let j = -1186 - -1279. Calculate the greatest common factor of 21 and j.
3
Let g(s) = s**3 - 29*s**2 + 31*s - 39. Let p be g(28). Let r(w) = 0 - 71*w + p*w + 34. Let c be r(-10). What is the highest common factor of c and 42?
42
Let f(h) = 3*h + 19. Let r be f(3). Suppose 97*t - 98*t + 4 = 0. Let u be (112/5)/(t/40). Calculate the highest common divisor of r and u.
28
Suppose 0 = 5*t - 2*a - 10912 + 3857, -a = -t + 1411. Calculate the greatest common factor of t and 34.
17
Let q = -43 + 54. Suppose -j + 0*j = -q. Let l = j - 8. Calculate the highest common factor of 3 and l.
3
Let x(n) = -n + 28. Let k be x(0). Let f = 132417 - 132347. What is the highest common divisor of f and k?
14
Let r = -4304 + 4312. Calculate the greatest common factor of r and 530.
2
Let s = 346 - 314. Suppose -s = -h - 24. Calculate the highest common factor of 10 and h.
2
Let g = -298 - -532. Suppose -207 = -7*f + g. Calculate the highest common factor of 189 and f.
63
Let k(c) = 139*c**3 + 4*c**2 + 6*c - 20. Let h be k(2). What is the greatest common factor of 35 and h?
35
Let i(p) = 14*p**2 - 2*p + 15. Let c be i(-2). Calculate the highest common divisor of 250 and c.
25
Suppose -31*v + 111 + 13 = 0. What is the greatest common factor of v and 41?
1
Let o = -8001 - -8560. What is the greatest common divisor of 215 and o?
43
Suppose 0 = -3*b - 3, -b = -12*u + 14*u - 173. Let k = u + 83. What is the highest common factor of k and 30?
10
Let u(c) = -34*c - 4. Let x be u(1). Let a = 42 + x. Suppose p - a = -5*o, -2*p + 44 = -3*o + 4*o. Calculate the highest common factor of p and 8.
8
Let s = -1956 + 1969. What is the greatest common divisor of 17303 and s?
13
Suppose 9 = 57*q - 54*q. Suppose -193 = -5*d + q*p, -2*d + 3*p - 6*p = -94. What is the highest common divisor of 287 and d?
41
Suppose 0 = 46*r + 21 - 389. What is the highest common factor of r and 1544?
8
Suppose -3*l - 372 = -6*l. Let z = 126 - l. What is the greatest common factor of z and 58?
2
Let n be 2425*1/1 - (-1127 + 1122). What is the greatest common factor of n and 40?
10
Let y be 10/45*273 - (-2)/(-3). Let l(w) = w**3 + 25*w**2 + 15. Let a be l(-25). What is the greatest common factor of y and a?
15
Let s(h) = -3*h**3 + 17*h**2 + 41*h + 14. Let n be s(7). What is the greatest common divisor of 15855 and n?
105
Let t = 4612 - 4578. Calculate the highest common divisor of 1513 and t.
17
Let i(m) be the first derivative of 40*m**2 - 5*m - 127. Let g(v) = v + 2. Let s be g(-1). Let r be i(s). What is the greatest common divisor of r and 5?
5
Suppose s - 5*u = 286, -105*s + 106*s - 4*u = 284. Calculate the highest common divisor of s and 736.
92
Let u(w) = -3*w**2 - 82*w + 9. Let x(n) = -n**2 - 27*n + 3. Let k(j) = 4*u(j) - 13*x(j). Let a be k(-24). What is the greatest common factor of 399 and a?
21
Let d(h) = 178*h - 880. Let s be d(7). Calculate the greatest common factor of s and 78.
6
Suppose 53 = 3*x + 5*k, -29 = 21*x - 20*x - 5*k. Let b = 34 - -14. Suppose -2*d = -3*d + b. Calculate the highest common divisor of x and d.
6
Let v(p) = -6*p + 32. Let u be v(4). Let o(k) = -k**2 + 14*k - 41. Let n be o(u). What is the greatest common divisor of n and 5?
1
Let y(w) = -w**2 - 20*w - 26. Let c = -53 - -40. Let o be y(c). What is the highest common factor of 5 and o?
5
Let f = 5381 + -4946. Calcula